[INFO] cloning repository https://github.com/Binero/uefi-testcrate
[INFO] running `Command { std: "git" "-c" "credential.helper=" "-c" "credential.helper=/workspace/cargo-home/bin/git-credential-null" "clone" "--bare" "https://github.com/Binero/uefi-testcrate" "/workspace/cache/git-repos/https%3A%2F%2Fgithub.com%2FBinero%2Fuefi-testcrate", kill_on_drop: false }`
[INFO] [stderr] Cloning into bare repository '/workspace/cache/git-repos/https%3A%2F%2Fgithub.com%2FBinero%2Fuefi-testcrate'...
[INFO] running `Command { std: "git" "rev-parse" "HEAD", kill_on_drop: false }`
[INFO] [stdout] 5475d87717ea9be3fbbede085fd0e6c796a56629
[INFO] checking Binero/uefi-testcrate against master#cfbc6d4cf1acbac5c025acf8ed68929caa551df3 for pr-75494-beta
[INFO] running `Command { std: "git" "clone" "/workspace/cache/git-repos/https%3A%2F%2Fgithub.com%2FBinero%2Fuefi-testcrate" "/workspace/builds/worker-1/source", kill_on_drop: false }`
[INFO] [stderr] Cloning into '/workspace/builds/worker-1/source'...
[INFO] [stderr] done.
[INFO] validating manifest of git repo https://github.com/Binero/uefi-testcrate on toolchain cfbc6d4cf1acbac5c025acf8ed68929caa551df3
[INFO] running `Command { std: "/workspace/cargo-home/bin/cargo" "+cfbc6d4cf1acbac5c025acf8ed68929caa551df3" "read-manifest" "--manifest-path" "Cargo.toml", kill_on_drop: false }`
[INFO] started tweaking git repo https://github.com/Binero/uefi-testcrate
[INFO] finished tweaking git repo https://github.com/Binero/uefi-testcrate
[INFO] tweaked toml for git repo https://github.com/Binero/uefi-testcrate written to /workspace/builds/worker-1/source/Cargo.toml
[INFO] crate git repo https://github.com/Binero/uefi-testcrate already has a lockfile, it will not be regenerated
[INFO] running `Command { std: "/workspace/cargo-home/bin/cargo" "+cfbc6d4cf1acbac5c025acf8ed68929caa551df3" "fetch" "--locked" "--manifest-path" "Cargo.toml", kill_on_drop: false }`
[INFO] [stderr] warning: file found to be present in multiple build targets: /workspace/builds/worker-1/source/src/main.rs
[INFO] running `Command { std: "docker" "create" "-v" "/var/lib/crater-agent-workspace/builds/worker-1/target:/opt/rustwide/target:rw,Z" "-v" "/var/lib/crater-agent-workspace/builds/worker-1/source:/opt/rustwide/workdir:ro,Z" "-v" "/var/lib/crater-agent-workspace/cargo-home:/opt/rustwide/cargo-home:ro,Z" "-v" "/var/lib/crater-agent-workspace/rustup-home:/opt/rustwide/rustup-home:ro,Z" "-e" "SOURCE_DIR=/opt/rustwide/workdir" "-e" "CARGO_TARGET_DIR=/opt/rustwide/target" "-e" "CARGO_HOME=/opt/rustwide/cargo-home" "-e" "RUSTUP_HOME=/opt/rustwide/rustup-home" "-w" "/opt/rustwide/workdir" "-m" "1610612736" "--user" "0:0" "--network" "none" "rustops/crates-build-env@sha256:a636fd89d022f18117e1dc8fb37a0a009933cdbbe082814857f0e2024962d47c" "/opt/rustwide/cargo-home/bin/cargo" "+cfbc6d4cf1acbac5c025acf8ed68929caa551df3" "metadata" "--no-deps" "--format-version=1", kill_on_drop: false }`
[INFO] [stdout] a58765137290ff41ff56144f76b103aa23bacfc08572f5c41aa0c74aa645b5e8
[INFO] [stderr] WARNING: Your kernel does not support swap limit capabilities or the cgroup is not mounted. Memory limited without swap.
[INFO] running `Command { std: "docker" "start" "-a" "a58765137290ff41ff56144f76b103aa23bacfc08572f5c41aa0c74aa645b5e8", kill_on_drop: false }`
[INFO] running `Command { std: "docker" "inspect" "a58765137290ff41ff56144f76b103aa23bacfc08572f5c41aa0c74aa645b5e8", kill_on_drop: false }`
[INFO] running `Command { std: "docker" "rm" "-f" "a58765137290ff41ff56144f76b103aa23bacfc08572f5c41aa0c74aa645b5e8", kill_on_drop: false }`
[INFO] [stdout] a58765137290ff41ff56144f76b103aa23bacfc08572f5c41aa0c74aa645b5e8
[INFO] running `Command { std: "docker" "create" "-v" "/var/lib/crater-agent-workspace/builds/worker-1/target:/opt/rustwide/target:rw,Z" "-v" "/var/lib/crater-agent-workspace/builds/worker-1/source:/opt/rustwide/workdir:ro,Z" "-v" "/var/lib/crater-agent-workspace/cargo-home:/opt/rustwide/cargo-home:ro,Z" "-v" "/var/lib/crater-agent-workspace/rustup-home:/opt/rustwide/rustup-home:ro,Z" "-e" "SOURCE_DIR=/opt/rustwide/workdir" "-e" "CARGO_TARGET_DIR=/opt/rustwide/target" "-e" "CARGO_INCREMENTAL=0" "-e" "RUST_BACKTRACE=full" "-e" "RUSTFLAGS=--cap-lints=forbid" "-e" "CARGO_HOME=/opt/rustwide/cargo-home" "-e" "RUSTUP_HOME=/opt/rustwide/rustup-home" "-w" "/opt/rustwide/workdir" "-m" "1610612736" "--user" "0:0" "--network" "none" "rustops/crates-build-env@sha256:a636fd89d022f18117e1dc8fb37a0a009933cdbbe082814857f0e2024962d47c" "/opt/rustwide/cargo-home/bin/cargo" "+cfbc6d4cf1acbac5c025acf8ed68929caa551df3" "check" "--frozen" "--all" "--all-targets" "--message-format=json", kill_on_drop: false }`
[INFO] [stdout] 9763c76a96e30d4ce2b19bdcaa8f04d67cba29a4c6300c09f59621b3294db173
[INFO] [stderr] WARNING: Your kernel does not support swap limit capabilities or the cgroup is not mounted. Memory limited without swap.
[INFO] running `Command { std: "docker" "start" "-a" "9763c76a96e30d4ce2b19bdcaa8f04d67cba29a4c6300c09f59621b3294db173", kill_on_drop: false }`
[INFO] [stderr] warning: file found to be present in multiple build targets: /opt/rustwide/workdir/src/main.rs
[INFO] [stderr]     Checking rlibc v1.0.0
[INFO] [stderr]     Checking testcrate v0.1.0 (/opt/rustwide/workdir)
[INFO] [stdout] error[E0554]: `#![feature]` may not be used on the beta release channel
[INFO] [stdout]  --> src/main.rs:1:1
[INFO] [stdout]   |
[INFO] [stdout] 1 | #![feature(lang_items)]
[INFO] [stdout]   | ^^^^^^^^^^^^^^^^^^^^^^^
[INFO] [stdout] 
[INFO] [stdout] 
[INFO] [stdout] error[E0554]: `#![feature]` may not be used on the beta release channel
[INFO] [stdout]  --> src/main.rs:3:1
[INFO] [stdout]   |
[INFO] [stdout] 3 | #![feature(core_intrinsics)]
[INFO] [stdout]   | ^^^^^^^^^^^^^^^^^^^^^^^^^^^^
[INFO] [stdout] 
[INFO] [stdout] 
[INFO] [stdout] error[E0554]: `#![feature]` may not be used on the beta release channel
[INFO] [stdout]  --> src/main.rs:4:1
[INFO] [stdout]   |
[INFO] [stdout] 4 | #![feature(start)]
[INFO] [stdout]   | ^^^^^^^^^^^^^^^^^^
[INFO] [stdout] 
[INFO] [stdout] 
[INFO] [stdout] error[E0601]: `main` function not found in crate `testcrate`
[INFO] [stdout]   --> src/main.rs:1:1
[INFO] [stdout]    |
[INFO] [stdout] 1  | / #![feature(lang_items)]
[INFO] [stdout] 2  | | #![no_std]
[INFO] [stdout] 3  | | #![feature(core_intrinsics)]
[INFO] [stdout] 4  | | #![feature(start)]
[INFO] [stdout] ...  |
[INFO] [stdout] 31 | | pub extern fn rust_eh_personality() {
[INFO] [stdout] 32 | | }
[INFO] [stdout]    | |_^ consider adding a `main` function to `src/main.rs`
[INFO] [stdout] 
[INFO] [stdout] 
[INFO] [stdout] error[E0522]: definition of an unknown language item: `panic_fmt`
[INFO] [stdout]   --> src/main.rs:15:1
[INFO] [stdout]    |
[INFO] [stdout] 15 | #[lang = "panic_fmt"]
[INFO] [stdout]    | ^^^^^^^^^^^^^^^^^^^^^ definition of unknown language item `panic_fmt`
[INFO] [stdout] 
[INFO] [stdout] 
[INFO] [stdout] error[E0522]: definition of an unknown language item: `eh_unwind_resume`
[INFO] [stdout]   --> src/main.rs:24:1
[INFO] [stdout]    |
[INFO] [stdout] 24 | #[lang = "eh_unwind_resume"]
[INFO] [stdout]    | ^^^^^^^^^^^^^^^^^^^^^^^^^^^^ definition of unknown language item `eh_unwind_resume`
[INFO] [stdout] 
[INFO] [stdout] 
[INFO] [stdout] error: `#[panic_handler]` function required, but not found
[INFO] [stdout] 
[INFO] [stdout] 
[INFO] [stdout] error: aborting due to 7 previous errors
[INFO] [stdout] 
[INFO] [stdout] 
[INFO] [stdout] Some errors have detailed explanations: E0522, E0554, E0601.
[INFO] [stdout] 
[INFO] [stdout] For more information about an error, try `rustc --explain E0522`.
[INFO] [stdout] 
[INFO] [stdout] error[E0554]: `#![feature]` may not be used on the beta release channel
[INFO] [stdout]  --> src/main.rs:1:1
[INFO] [stdout]   |
[INFO] [stdout] 1 | #![feature(lang_items)]
[INFO] [stdout]   | ^^^^^^^^^^^^^^^^^^^^^^^
[INFO] [stdout] 
[INFO] [stdout] 
[INFO] [stdout] error[E0554]: `#![feature]` may not be used on the beta release channel
[INFO] [stdout]  --> src/main.rs:3:1
[INFO] [stdout]   |
[INFO] [stdout] 3 | #![feature(core_intrinsics)]
[INFO] [stdout]   | ^^^^^^^^^^^^^^^^^^^^^^^^^^^^
[INFO] [stdout] 
[INFO] [stdout] 
[INFO] [stdout] error[E0554]: `#![feature]` may not be used on the beta release channel
[INFO] [stdout]  --> src/main.rs:4:1
[INFO] [stdout]   |
[INFO] [stdout] 4 | #![feature(start)]
[INFO] [stdout]   | ^^^^^^^^^^^^^^^^^^
[INFO] [stdout] 
[INFO] [stdout] 
[INFO] [stdout] error[E0522]: definition of an unknown language item: `panic_fmt`
[INFO] [stdout]   --> src/main.rs:15:1
[INFO] [stdout]    |
[INFO] [stdout] 15 | #[lang = "panic_fmt"]
[INFO] [stdout]    | ^^^^^^^^^^^^^^^^^^^^^ definition of unknown language item `panic_fmt`
[INFO] [stdout] 
[INFO] [stdout] 
[INFO] [stdout] error[E0522]: definition of an unknown language item: `eh_unwind_resume`
[INFO] [stdout]   --> src/main.rs:24:1
[INFO] [stdout]    |
[INFO] [stdout] 24 | #[lang = "eh_unwind_resume"]
[INFO] [stdout]    | ^^^^^^^^^^^^^^^^^^^^^^^^^^^^ definition of unknown language item `eh_unwind_resume`
[INFO] [stdout] 
[INFO] [stdout] 
[INFO] [stdout] error[E0152]: found duplicate lang item `eh_personality`
[INFO] [stdout]   --> src/main.rs:31:1
[INFO] [stdout]    |
[INFO] [stdout] 31 | / pub extern fn rust_eh_personality() {
[INFO] [stdout] 32 | | }
[INFO] [stdout]    | |_^
[INFO] [stdout]    |
[INFO] [stdout]    = note: the lang item is first defined in crate `panic_unwind` (which `std` depends on)
[INFO] [stdout]    = note: first definition in `panic_unwind` loaded from /opt/rustwide/rustup-home/toolchains/cfbc6d4cf1acbac5c025acf8ed68929caa551df3/lib/rustlib/x86_64-unknown-linux-gnu/lib/libpanic_unwind-9717ec0599b569a0.rlib
[INFO] [stdout]    = note: second definition in the local crate (`testcrate`)
[INFO] [stdout] 
[INFO] [stdout] 
[INFO] [stdout] error: aborting due to 6 previous errors
[INFO] [stdout] 
[INFO] [stdout] 
[INFO] [stdout] Some errors have detailed explanations: E0152, E0522, E0554.
[INFO] [stdout] 
[INFO] [stdout] For more information about an error, try `rustc --explain E0152`.
[INFO] [stdout] 
[INFO] [stderr] error: could not compile `testcrate`.
[INFO] [stderr] 
[INFO] [stderr] To learn more, run the command again with --verbose.
[INFO] [stderr] warning: build failed, waiting for other jobs to finish...
[INFO] [stdout] error[E0554]: `#![feature]` may not be used on the beta release channel
[INFO] [stdout]  --> src/main.rs:1:1
[INFO] [stdout]   |
[INFO] [stdout] 1 | #![feature(lang_items)]
[INFO] [stdout]   | ^^^^^^^^^^^^^^^^^^^^^^^
[INFO] [stdout] 
[INFO] [stdout] 
[INFO] [stdout] error[E0554]: `#![feature]` may not be used on the beta release channel
[INFO] [stdout]  --> src/main.rs:3:1
[INFO] [stdout]   |
[INFO] [stdout] 3 | #![feature(core_intrinsics)]
[INFO] [stdout]   | ^^^^^^^^^^^^^^^^^^^^^^^^^^^^
[INFO] [stdout] 
[INFO] [stdout] 
[INFO] [stdout] error[E0554]: `#![feature]` may not be used on the beta release channel
[INFO] [stdout]  --> src/main.rs:4:1
[INFO] [stdout]   |
[INFO] [stdout] 4 | #![feature(start)]
[INFO] [stdout]   | ^^^^^^^^^^^^^^^^^^
[INFO] [stdout] 
[INFO] [stdout] 
[INFO] [stdout] error[E0522]: definition of an unknown language item: `panic_fmt`
[INFO] [stdout]   --> src/main.rs:15:1
[INFO] [stdout]    |
[INFO] [stdout] 15 | #[lang = "panic_fmt"]
[INFO] [stdout]    | ^^^^^^^^^^^^^^^^^^^^^ definition of unknown language item `panic_fmt`
[INFO] [stdout] 
[INFO] [stdout] 
[INFO] [stdout] error[E0522]: definition of an unknown language item: `eh_unwind_resume`
[INFO] [stdout]   --> src/main.rs:24:1
[INFO] [stdout]    |
[INFO] [stdout] 24 | #[lang = "eh_unwind_resume"]
[INFO] [stdout]    | ^^^^^^^^^^^^^^^^^^^^^^^^^^^^ definition of unknown language item `eh_unwind_resume`
[INFO] [stdout] 
[INFO] [stdout] 
[INFO] [stdout] error: `#[panic_handler]` function required, but not found
[INFO] [stdout] 
[INFO] [stdout] 
[INFO] [stdout] error: aborting due to 6 previous errors
[INFO] [stdout] 
[INFO] [stdout] 
[INFO] [stdout] Some errors have detailed explanations: E0522, E0554.
[INFO] [stdout] 
[INFO] [stdout] For more information about an error, try `rustc --explain E0522`.
[INFO] [stdout] 
[INFO] [stdout] error[E0554]: `#![feature]` may not be used on the beta release channel
[INFO] [stdout]  --> src/main.rs:1:1
[INFO] [stdout]   |
[INFO] [stdout] 1 | #![feature(lang_items)]
[INFO] [stdout]   | ^^^^^^^^^^^^^^^^^^^^^^^
[INFO] [stdout] 
[INFO] [stdout] 
[INFO] [stdout] error[E0554]: `#![feature]` may not be used on the beta release channel
[INFO] [stdout]  --> src/main.rs:3:1
[INFO] [stdout]   |
[INFO] [stdout] 3 | #![feature(core_intrinsics)]
[INFO] [stdout]   | ^^^^^^^^^^^^^^^^^^^^^^^^^^^^
[INFO] [stdout] 
[INFO] [stdout] 
[INFO] [stdout] error[E0554]: `#![feature]` may not be used on the beta release channel
[INFO] [stdout]  --> src/main.rs:4:1
[INFO] [stdout]   |
[INFO] [stdout] 4 | #![feature(start)]
[INFO] [stdout]   | ^^^^^^^^^^^^^^^^^^
[INFO] [stdout] 
[INFO] [stdout] 
[INFO] [stdout] error[E0522]: definition of an unknown language item: `panic_fmt`
[INFO] [stdout]   --> src/main.rs:15:1
[INFO] [stdout]    |
[INFO] [stdout] 15 | #[lang = "panic_fmt"]
[INFO] [stdout]    | ^^^^^^^^^^^^^^^^^^^^^ definition of unknown language item `panic_fmt`
[INFO] [stdout] 
[INFO] [stdout] 
[INFO] [stdout] error[E0522]: definition of an unknown language item: `eh_unwind_resume`
[INFO] [stdout]   --> src/main.rs:24:1
[INFO] [stdout]    |
[INFO] [stdout] 24 | #[lang = "eh_unwind_resume"]
[INFO] [stdout]    | ^^^^^^^^^^^^^^^^^^^^^^^^^^^^ definition of unknown language item `eh_unwind_resume`
[INFO] [stdout] 
[INFO] [stdout] 
[INFO] [stdout] error[E0152]: found duplicate lang item `eh_personality`
[INFO] [stdout]   --> src/main.rs:31:1
[INFO] [stdout]    |
[INFO] [stdout] 31 | / pub extern fn rust_eh_personality() {
[INFO] [stdout] 32 | | }
[INFO] [stdout]    | |_^
[INFO] [stdout]    |
[INFO] [stdout]    = note: the lang item is first defined in crate `panic_unwind` (which `std` depends on)
[INFO] [stdout]    = note: first definition in `panic_unwind` loaded from /opt/rustwide/rustup-home/toolchains/cfbc6d4cf1acbac5c025acf8ed68929caa551df3/lib/rustlib/x86_64-unknown-linux-gnu/lib/libpanic_unwind-9717ec0599b569a0.rlib
[INFO] [stdout]    = note: second definition in the local crate (`testcrate`)
[INFO] [stdout] 
[INFO] [stdout] 
[INFO] [stdout] error: aborting due to 6 previous errors
[INFO] [stdout] 
[INFO] [stdout] 
[INFO] [stdout] Some errors have detailed explanations: E0152, E0522, E0554.
[INFO] [stdout] 
[INFO] [stdout] For more information about an error, try `rustc --explain E0152`.
[INFO] [stdout] 
[INFO] [stderr] error: build failed
[INFO] running `Command { std: "docker" "inspect" "9763c76a96e30d4ce2b19bdcaa8f04d67cba29a4c6300c09f59621b3294db173", kill_on_drop: false }`
[INFO] running `Command { std: "docker" "rm" "-f" "9763c76a96e30d4ce2b19bdcaa8f04d67cba29a4c6300c09f59621b3294db173", kill_on_drop: false }`
[INFO] [stdout] 9763c76a96e30d4ce2b19bdcaa8f04d67cba29a4c6300c09f59621b3294db173
